9501?
5
What is the hundreds digit of 16856658?
6
What is the hundreds digit of 8753246128?
1
What is the tens digit of 22644592?
9
What is the tens digit of 276588107?
0
What is the hundred thousands digit of 46029870?
0
What is the units digit of 17172638?
8
What is the hundred thousands digit of 159288148?
2
What is the ten millions digit of 639348474?
3
What is the units digit of 81932983?
3
What is the units digit of 2630816068?
8
What is the ten millions digit of 183039770?
8
What is the hundred thousands digit of 204331776?
3
What is the tens digit of 52944457?
5
What is the units digit of 40235302?
2
What is the hundred thousands digit of 63143589?
1
What is the hundred millions digit of 1205908971?
2
What is the units digit of 760583672?
2
What is the ten millions digit of 5209941944?
0
What is the ten thousands digit of 261902481?
0
What is the units digit of 11438506?
6
What is the hundreds digit of 19755213?
2
What is the tens digit of 37960215?
1
What is the hundred thousands digit of 2347660870?
6
What is the hundred thousands digit of 23580247?
5
What is the thousands digit of 88335421?
5
What is the hundred thousands digit of 30561805?
5
What is the hundreds digit of 1905935881?
8
What is the millions digit of 40917819?
0
What is the ten millions digit of 950227508?
5
What is the ten thousands digit of 789112736?
1
What is the thousands digit of 1639566767?
6
What is the hundred millions digit of 471679901?
4
What is the ten thousands digit of 9007514?
0
What is the ten thousands digit of 352762937?
6
What is the ten millions digit of 694218125?
9
What is the millions digit of 103269300?
3
What is the units digit of 24421268?
8
What is the millions digit of 150558786?
0
What is the units digit of 2241945195?
5
What is the billions digit of 4349311005?
4
What is the tens digit of 6620741?
4
What is the hundred thousands digit of 50790472?
7
What is the units digit of 34212799?
9
What is the thousands digit of 268960384?
0
What is the units digit of 42094806?
6
What is the ten thousands digit of 1675181697?
8
What is the thousands digit of 25174559?
4
What is the hundred thousands digit of 457891948?
8
What is the thousands digit of 1392721726?
1
What is the ten millions digit of 1170787172?
7
What is the thousands digit of 625960318?
0
What is the thousands digit of 58284840?
4
What is the thousands digit of 268257134?
7
What is the hundred thousands digit of 4593295859?
2
What is the hundred thousands digit of 100961429?
9
What is the thousands digit of 830545790?
5
What is the hundred millions digit of 115089821?
1
What is the tens digit of 3899523870?
7
What is the millions digit of 93087525?
3
What is the ten millions digit of 216880755?
1
What is the millions digit of 100483053?
0
What is the billions digit of 1111918659?
1
What is the ten thousands digit of 7690405876?
0
What is the thousands digit of 80082316?
2
What is the tens digit of 42219938?
3
What is the millions digit of 232685874?
2
What is the tens digit of 100928265?
6
What is the thousands digit of 238591204?
1
What is the thousands digit of 804747575?
7
What is the ten millions digit of 834607103?
3
What is the thousands digit of 1483063370?
3
What is the thousands digit of 1183904067?
4
What is the hundred millions digit of 101891087?
1
What is the tens digit of 130020265?
6
What is the hundred millions digit of 3508731298?
5
What is the units digit of 510802890?
0
What is the units digit of 1917795485?
5
What is the ten millions digit of 35837993?
3
What is the hundred thousands digit of 34055768?
0
What is the hundreds digit of 2150750?
7
What is the millions digit of 179115698?
9
What is the ten thousands digit of 48010676?
1
What is the hundreds digit of 29322290?
2
What is the units digit of 201728831?
1
What is the thousands digit of 1476948753?
8
What is the tens digit of 1429818590?
9
What is the tens digit of 68809556?
5
What is the units digit of 141952367?
7
What is the millions digit of 2690132962?
0
What is the hundred thousands digit of 2279343507?
3
What is the units digit of 374423373?
3
What is the hundreds digit of 1361996288?
2
What is the thousands digit of 2441638118?
8
What is the ten thousands digit of 376532887?
3
What is the tens digit of 441032503?
0
What is the hundreds digit of 69624530?
5
What is the hundreds digit of 43054295?
2
What is the tens digit of 52107476?
7
What is the millions digit of 496575119?
6
What is the millions digit of 130478082?
0
What is the hundreds digit of 747460192?
1
What is the ten thousands digit of 218165317?
6
What is the millions digit of 9026849?
9
What is the tens digit of 3953917902?
0
What is the units digit of 51878051?
1
What is the hundred thousands digit of 61899945?
8
What is the ten thousands digit of 2034528551?
2
What is the thousands digit of 123648977?
8
What is the ten thousands digit of 83310412?
1
What is the thousands digit of 458363454?
3
What is the thousands digit of 1143920969?
0
What is the hundred millions digit of 123081303?
1
What is the units digit of 1119950568?
8
What is the ten thousands digit of 331772475?
7
What is the ten millions digit of 22027285?
2
What is the millions digit of 505052805?
5
What is the ten thousands digit of 547465702?
6
What is the thousands digit of 59960674?
0
What is the millions digit of 2133310616?
3
What is the hundreds digit of 104743395?
3
What is the ten millions digit of 573038304?
7
What is the thousands digit of 1067340984?
0
What is the millions digit of 1110384893?
0
What is the units digit of 1691265405?
5
What is the ten thousands digit of 930612?
3
What is the tens digit of 829328237?
3
What is the thousands digit of 322014?
2
What is the ten thousands digit of 846956787?
5
What is the hundred thousands digit of 695868458?
8
What is the hundred thousands digit of 15744847?
7
What is the tens digit of 5192105271?
7
What is the thousands digit of 86642241?
2
What is the thousands digit of 505377931?
7
What is the hundred thousands digit of 548658759?
6
What is the thousands digit of 95628025?
8
What is the units digit of 5133766985?
5
What is the hundred thousands digit of 6205699163?
6
What is the hundred thousands digit of 15112772?
1
What is the millions digit of 63027480?
3
What is the thousands digit of 237634457?
4
What is the millions digit of 318219212?
8
What is the hundred thousands digit of 1586367303?
3
What is the ten thousands digit of 2758091628?
9
What is the thousands digit of 1735690672?
0
What is the billions digit of 2318417546?
2
What is the hundred thousands digit of 40790861?
7
What is the tens digit of 971590482?
8
What is the billions digit of 4750872988?
4
What is the tens digit of 342792333?
3
What is the ten thousands digit of 671052282?
5
What is the hundred thousands digit of 1339695892?
6
What is the units digit of 15630739?
9
What is the tens digit of 378474703?
0
What is the ten millions digit of 891253921?
9
What is the ten thousands digit of 123693752?
9
What is the ten millions digit of 47727207?
4
What is the hundred thousands digit of 48710940?
7
What is the hundreds digit of 38233611?
6
What is the ten millions digit of 631413503?
3
What is the tens digit of 99829598?
9
What is the units digit of 183660583?
3
What is the tens digit of 319378841?
4
What is the ten thousands digit of 5859090108?
9
What is the units digit of 200366086?
6
What is the tens digit of 39663899?
9
What is the hundreds digit of 55962572?
5
What is the millions digit of 631207498?
1
What is the thousands digit of 67988806?
8
What is the tens digit of 1387916916?
1
What is the hundred millions digit of 3087021920?
0
What is the tens digit of 3554171?
7
What is the units digit of 10215961?
1
What is the thousands digit of 38681615?
1
What is the millions digit of 3543529085?
3
What is the millions digit of 361777257?
1
What is the billions digit of 1043195432?
1
What is the ten thousands digit of 2867206790?
0
What is the units digit of 19915719?
9
What is the ten thousands digit of 894043933?
4
What is the ten thousands digit of 44837639?
3
What is the ten millions digit of 36669163?
3
What is the millions digit of 32799178?
2
What is the ten thousands digit of 26775485?
7
What is the tens digit of 728535217?
1
What